 26. Give d(8).
2
Let a(o) = o**2 + 4*o - 31. Give a(7).
46
Let j(a) = -a**3 + 21*a**2 - 20*a - 8. Give j(20).
-8
Let z(h) = h**3 + 32*h**2 + 88*h - 5. Determine z(-29).
-34
Let i(v) = -5*v**2 + 5*v - 7. Give i(5).
-107
Let l(t) = 3*t**2 + 4*t + 5. Calculate l(-1).
4
Let c(x) = 14*x - 3. Calculate c(5).
67
Let o(w) = 7*w + 12. Determine o(4).
40
Let h(b) = 4*b + 8. Give h(-5).
-12
Let u(b) = -b**3 - 3*b**2 + 2*b. Calculate u(3).
-48
Let a(m) = m**2 - 6*m + 5. Calculate a(5).
0
Let y(h) = h**2 + 43*h + 191. Determine y(-5).
1
Let o(l) = 9*l - 39. Give o(7).
24
Let m(t) = -13*t - 5. Give m(5).
-70
Let b(p) = 20*p + 295. Calculate b(-15).
-5
Let c(o) = -2*o**3 - 4*o**2 + 6*o + 9. Calculate c(-2).
-3
Let t(y) = y**3 - y - 31. Calculate t(0).
-31
Let t(o) = -4*o + 26. Determine t(7).
-2
Let g(r) = -r**3 - 11*r**2 - 19*r - 14. Give g(-9).
-5
Let c(k) = -30*k + 6. Calculate c(1).
-24
Let q(f) = 2*f - 38. Calculate q(21).
4
Let v(g) = 23*g + 7. Calculate v(-4).
-85
Let w(o) = -o**2 + 16*o - 16. Give w(14).
12
Let k(x) = -x - 5. Determine k(-15).
10
Let d(h) = -2*h**2 - 43*h + 14. What is d(-22)?
-8
Let r(q) = -6*q - 6. Determine r(7).
-48
Let j(u) = -2*u + 1. Give j(0).
1
Let r(t) = t**3 - t**2 - 5*t - 2. Calculate r(4).
26
Let g(q) = -q**3 + 3*q**2 + 4*q + 7. Calculate g(4).
7
Let i(v) = -7*v - 60. Give i(-9).
3
Let a(b) = b**3 - 13*b**2 + 18*b - 1. Give a(11).
-45
Let y(g) = -2*g - 39. Determine y(-22).
5
Let x(q) = -24*q - 5. Determine x(-3).
67
Let z(w) = -2*w**3 - 2*w**2 + 4*w + 4. What is z(-2)?
4
Let l(u) = u**2 + 25*u - 5. Determine l(-25).
-5
Let s(h) = -4*h**3 - 8. Calculate s(-2).
24
Let v(o) = -o**2 - 10*o + 32. Calculate v(-14).
-24
Let q(w) = 3*w**2 + 15*w - 20. Give q(-3).
-38
Let s(q) = q**3 + 9*q**2 + 2*q + 17. Determine s(-9).
-1
Let f(p) = 6*p + 97. What is f(-17)?
-5
Let h(x) = x**3 + 6*x**2 + 13*x + 12. Give h(-4).
-8
Let z(c) = -3*c - 67. Determine z(-30).
23
Let s(q) = 2*q + 9. What is s(-5)?
-1
Let v(o) = 164*o + 988. Determine v(-6).
4
Let n(r) = r**3 - 4*r**2 - 21*r + 8. Give n(-3).
8
Let m(v) = -2*v + 27. Calculate m(13).
1
Let v(p) = -2*p**2 + 21*p + 15. Determine v(15).
-120
Let w(c) = 22*c - 33. Calculate w(2).
11
Let v(g) = 7*g - 31. Determine v(7).
18
Let z(h) = h**3 - 5*h**2 - 13*h - 1. Determine z(7).
6
Let z(l) = -3*l - 125. Calculate z(-40).
-5
Let i(t) = -16*t - 2. Determine i(2).
-34
Let z(y) = -y**2 - 56*y - 769. Calculate z(-31).
6
Let g(f) = -f**2 - 3*f + 3. Determine g(-2).
5
Let l(w) = w - 25. Calculate l(15).
-10
Let q(i) = -4*i - 1. Give q(-2).
7
Let z(d) = d**2 - 62*d + 108. What is z(60)?
-12
Let b(h) = -3*h + 18. Determine b(6).
0
Let y(f) = f**3 + 16*f**2 + 7*f + 111. Give y(-16).
-1
Let r(f) = f**2 - 11. Determine r(6).
25
Let a(d) = -d - 12. What is a(-11)?
-1
Let k(q) = 14*q + 87. What is k(-7)?
-11
Let o(k) = -k**2 + 44*k - 458. Give o(28).
-10
Let k(q) = -q**3 - 19*q**2 - q - 27. What is k(-19)?
-8
Let t(s) = 2*s**2 - 5*s + 7. Calculate t(2).
5
Let l(t) = -6*t - 1. What is l(1)?
-7
Let w(l) = -l**3 + 6*l**2 + 2*l - 32. What is w(5)?
3
Let g(c) = c**2 + 4*c - 4. Determine g(-8).
28
Let x(h) = 12*h + 1. What is x(2)?
25
Let p(b) = -b**3 - 2*b**2 + 3*b - 3. Determine p(-3).
-3
Let k(z) = -z**2 + z + 3. Calculate k(6).
-27
Let s(n) = -3*n**2 + 3*n - 8. Determine s(4).
-44
Let f(w) = -2*w**2 - 12*w + 6. Determine f(-4).
22
Let d(m) = m**3 + 3*m**2 - 6*m + 14. Determine d(4).
102
Let c(z) = z**2 + 9*z + 9. What is c(-8)?
1
Let l(n) = 2*n**2 - n - 1. Give l(1).
0
Let k(z) = -3*z - 10. Give k(-4).
2
Let f(y) = -147*y + 416. Calculate f(3).
-25
Let o(k) = 423*k + 2542. Give o(-6).
4
Let g(s) = 10*s**2. Determine g(-1).
10
Let z(v) = 17*v + 196. Give z(-15).
-59
Let y(g) = g**3 + 22*g**2 + 19*g - 49. What is y(-21)?
-7
Let j(z) = 2*z**2 + 4*z. Determine j(-5).
30
Let o(s) = 8*s**2 - 45*s - 14. What is o(6)?
4
Let v(s) = s**2 + 5. What is v(6)?
41
Let d(y) = -10*y + 635. What is d(64)?
-5
Let b(u) = -6*u - 55. Calculate b(-11).
11
Let m(g) = 13*g + 71. Determine m(-8).
-33
Let o(n) = -8*n**2 + 9*n - 2. Give o(2).
-16
Let h(i) = i**3 - 5*i**2 - 7*i + 5. What is h(6)?
-1
Let i(z) = z - 8. Determine i(7).
-1
Let h(s) = 20*s**3 + 80*s**2 - 2*s - 8. Calculate h(-4).
0
Let x(q) = q**3 + 36*q**2 + q + 23. Determine x(-36).
-13
Let o(a) = a**3 + 5*a**2 + 7. Calculate o(-5).
7
Let l(v) = -v**2 - 5*v - 7. What is l(-3)?
-1
Let y(u) = -u**3 + 7*u**2 - 7. What is y(7)?
-7
Let l(w) = -w**3 - 8*w**2 + 11*w + 2. What is l(-9)?
-16
Let b(w) = -w**3 + 5*w**2 - 5*w + 3. Calculate b(4).
-1
Let y(z) = -z**3 - 13*z**2 - 14*z + 9. Give y(-12).
33
Let r(s) = -s**2 - 6*s. Give r(-5).
5
Let n(b) = b - 11. Calculate n(6).
-5
Let s(i) = -i - 60. Determine s(0).
-60
Let v(u) = -u**2 - 2*u + 2. What is v(4)?
-22
Let q(p) = 2*p**3 + 6*p**2 + 2*p - 1. Determine q(-4).
-41
Let u(l) = l**2 + 10*l + 22. What is u(-6)?
-2
Let h(m) = -m**3 - 9*m**2 - m + 6. Give h(-9).
15
Let u(v) = v**2 - 13*v - 14. Calculate u(14).
0
Let z(y) = -y. Calculate z(0).
0
Let t(c) = 3*c - 48. Calculate t(20).
12
Let o(t) = -t**3 + 18*t**2 - 74*t - 22. Calculate o(7).
-1
Let x(l) = -3*l - 161. Determine x(-46).
-23
Let s(d) = d - 2. What is s(2)?
0
Let h(f) = -f**2 - 40*f - 147. What is h(-36)?
-3
Let y(m) = -2*m**3 + 15*m**2 - 8*m + 6. What is y(7)?
-1
Let x(h) = 13*h - 50. Calculate x(4).
2
Let c(q) = -q**2 + 3*q + 10. What is c(6)?
-8
Let n(i) = -4*i + 3. Calculate n(3).
-9
Let f(q) = -q**2 - 2*q + 34. Determine f(-7).
-1
Let j(f) = -f**3 - 7*f**2 - 14*f - 21. Give j(-5).
-1
Let a(l) = l**2 + 17*l + 109. Give a(-7).
39
Let m(a) = -2*a**2 - 6*a + 5. What is m(-5)?
-15
Let d(p) = -20*p - 3. What is d(2)?
-43
Let i(y) = -y**2 + 26*y + 378. Give i(-10).
18
Let f(j) = j - 6. What is f(3)?
-3
Let j(u) = 6*u**2 + 28*u + 9. Give j(-4).
-7
Let h(y) = y**2 - 5*y - 5. Determine h(9).
31
Let t(d) = 22*d - 1. Calculate t(-1).
-23
Let v(u) = 16*u**2 + 4*u - 4. What is v(1)?
16
Let s(n) = -14*n + 162. Give s(13).
-20
Let z(a) = -2*a**2 + 6*a - 4. Determine z(3).
-4
Let i(h) = -2*h - 69. What is i(0)?
-69
Let p(y) = -4*y - 13. Calculate p(-15).
47
Let k(l) = -l**3 + 7*l**2 - 8*l - 7. Give k(5).
3
Let g(s) = 29*s - 870. Give g(30).
0
Let w(u) = 64*u**3 + u. What is w(-1)?
-65
Let m(j) = -j**3 + 5*j**2 - 5*j + 23. What is m(5)?
-2
Let t(o) = -3*o + 23. Determine t(7).
2
Let v(h) = h**3 + 9*h**2 - 54. Give v(-8).
10
Let k(d) = 22*d + 250. Calculate k(-11).
8
Let f(o) = -o**3 + 61*o**2 + 124*o + 117. Determine f(63).
-9
Let x(p) = p**2 - 3. What is x(2)?
1
Let z(f) = -5*f**2 - 5*f. Determine z(-4).
-60
Let h(c) = 13*c**2 + c + 3. Calculate h(-2).
53
Let g(z) = z**3 + 14*z**2 + 51*z + 2. Give g(-7).
-12
Let f(v) = v**2 + 4*v - 8. Determine f(-4).
-8
Let f(h) = -2*h**2 - h + 15. Give f(3).
-6
Let f(l) = 4*l. Give f(1).
4
Let q(d) = -d**2 + 21*d - 4. Determine q(17).
64
Let l(d) = -d**3 - 13*d**2 + d + 18. Give l(-13).
5
Let f(j) = -3*j - 18. Determine f(9).
-45
Let o(i) = 3*i - 13. What is o(-8)?
-37
Let l(t) = -t**3 - 40*t**2 - 78*t - 63. Calculate l(-38).
13
Let g(p) = -5*p + 103. What is g(22)?
-7
Let i(o) = -o**2 - 17*o - 11. Determine i(-17).
-11
Let l(d) = -d**2 - 2*d + 17. Determine l(4).
-7
Let j(q) = q**2 + 18*q + 76. Calculate j(-6).
4
Let x(z) = 3*z + 42. What is x(-15)?
-3
Let y(t) = 2*t**2 - 22*t + 1. Determine y(10).
-19
Let g(p) = 2*p**2 - 6*p + 12. What is g(3)?
12
Let c(m) = -m**2 - 13*m + 7. Calculate c(-12).
19
Let l(w) = -11*w - 1. Determine l(1).
-12
Let s(o) = o**3 + 9*o**2 + 9*o + 9. Give s(-8).
1
Let d(j) = j**2 - 4*j + 9. Calculate d(8).
41
Let y(a) = a**3 - 8*a**2 - 8*a + 11. What is y(9)?
20
Let d(s) = -11*s**2 + 8*s + 7. Give d(-1).
-12
Let h(q) = q**2 + 5*q + 10. Give h(-4).
6
Let m(i) = 2*i**2 + 14*i - 36. Determine m(-14).
160
Let y(c) = -2*c + 8. Determine y(6).
-4
Let l(r) = r**3 - 10*r**2 + 13*r + 25. Determine l(7).
-31
Let q(l) = -2*l + 28. Determine q(16).
-4
Let m(d) = d**3 + 66*d**2 - 64*d + 195. Give m(-67).
-6
Let a(t) = -2*t**2 - 37*t + 23. What is a(-19)?
4
Let b(q) = -q**3 - 4*q**2 + 4*q + 4. What is b(-5)?
9
Let f(j) = j**3 + 5*j**2 - 24*j + 6. What is f(-8)?
6
Let l(f) = f**3 + 6*f**2 - 10*f - 9. Determine l(-7).
12
Let q(k) = -k**2 + 14*k + 17. What is q(15)?
2
Let p(n) = n**3 + 7*n**2 + 12*n + 9. What is p(-5)?
-1
Let i(c) = -c**2 +